{"id":141,"date":"2016-10-21T14:27:11","date_gmt":"2016-10-21T12:27:11","guid":{"rendered":"http:\/\/choralineskorholen.org\/?page_id=141"},"modified":"2017-07-28T08:06:57","modified_gmt":"2017-07-28T06:06:57","slug":"nos-liens","status":"publish","type":"page","link":"https:\/\/choralineskorholen.org\/index.php\/nos-liens\/","title":{"rendered":"Nos liens"},"content":{"rendered":"<p><img loading=\"lazy\" decoding=\"async\" class=\"alignright size-full wp-image-289\" src=\"http:\/\/choralineskorholen.org\/wp-content\/uploads\/2016\/11\/logo.gif\" alt=\"logo\" width=\"208\" height=\"150\" \/><\/p>\n<table border=\"0\" width=\"100%\" rules=\"none\">\n<tbody>\n<tr>\n<td align=\"left\"><strong><a href=\"http:\/\/www.kanompbreizh.org\/\" target=\"_blank\" rel=\"noopener\">Kanomp breizh<\/a><\/strong><\/td>\n<td align=\"left\">La f\u00e9d\u00e9ration des chorales bretonnes\u00a0qui se donne pour but\u00a0de promouvoir le chant choral de langue bretonne, traditionnel et contemporain.<\/td>\n<\/tr>\n<tr>\n<td>\u00a0<strong><a href=\"https:\/\/www.acb44.com\/\" target=\"_blank\" rel=\"noopener\">ACB 44<\/a><\/strong><\/td>\n<td>Agence culturelle bretonne, coordination et communication des activit\u00e9s culturelles bretonnes<\/td>\n<\/tr>\n<tr>\n<td>\u00a0<strong><a href=\"http:\/\/groupevocalmosaique.fr\/\" target=\"_blank\" rel=\"noopener\">Groupe vocal Mosa\u00efque<\/a><\/strong><\/td>\n<td>Une chorale amie sur la Presqu&rsquo;\u00eele Gu\u00e9randaise<\/td>\n<\/tr>\n<tr>\n<td>Les offices de tourisme (ou les mairies)<\/td>\n<td><a href=\"http:\/\/www.saintandredeseaux.com\/\" target=\"_blank\" rel=\"noopener\">Saint-Andr\u00e9-des-Eaux<\/a>,\u00a0<a href=\"http:\/\/www.labaule.fr\/office-de-tourisme\" target=\"_blank\" rel=\"noopener\">La Baule-Escoublac<\/a>, <a href=\"http:\/\/www.ot-batzsurmer.fr\/\" target=\"_blank\" rel=\"noopener\">Batz-sur-Mer<\/a>, <a href=\"http:\/\/www.tourisme-lecroisic.fr\/fr\/\" target=\"_blank\" rel=\"noopener\">Le Croisic<\/a>, <a href=\"http:\/\/www.ot-guerande.fr\/\" target=\"_blank\" rel=\"noopener\">Gu\u00e9rande<\/a>, <a href=\"http:\/\/www.tourisme-laturballe.fr\/\" target=\"_blank\" rel=\"noopener\">La Turballe<\/a>, <a href=\"http:\/\/www.piriac.net\/\" target=\"_blank\" rel=\"noopener\">Piriac-sur-Mer<\/a>, <a href=\"http:\/\/www.mesquerquimiac.com\/office-de-tourisme\/\" target=\"_blank\" rel=\"noopener\">Mesquer<\/a>, <a href=\"http:\/\/saint-molf.fr\/\" target=\"_blank\" rel=\"noopener\">Saint-Molf<\/a><\/td>\n<\/tr>\n<tr>\n<td>Les paroisses<\/td>\n<td><a href=\"http:\/\/www.sainteanne-notredame-nantes.cef.fr\/\" target=\"_blank\" rel=\"noopener\">Le Pays blanc<\/a>,\u00a0<a href=\"http:\/\/www.saint-yves-de-la-cote-nantes.cef.fr\/\" target=\"_blank\" rel=\"noopener\">La c\u00f4te sauvage<\/a>, <a href=\"http:\/\/paroisses-cotedamour-nantes.cef.fr\/\" target=\"_blank\" rel=\"noopener\">La c\u00f4te d&rsquo;Amour<\/a>, <a href=\"http:\/\/saint-nazaire-briere.catholique.fr\/\" target=\"_blank\" rel=\"noopener\">C\u00f4t\u00e9 Bri\u00e8re<\/a><\/td>\n<\/tr>\n<\/tbody>\n<\/table>\n<div style=\"padding-bottom:20px; padding-top:10px;\" class=\"hupso-share-buttons\"><!-- Hupso Share Buttons - https:\/\/www.hupso.com\/share\/ --><a class=\"hupso_toolbar\" href=\"https:\/\/www.hupso.com\/share\/\"><img decoding=\"async\" src=\"https:\/\/static.hupso.com\/share\/buttons\/lang\/fr\/share-small.png\" style=\"border:0px; padding-top: 5px; float:left;\" alt=\"Share Button\"\/><\/a><script type=\"text\/javascript\">var hupso_services_t=new Array(\"Twitter\",\"Facebook\",\"Google Plus\");var hupso_title_t=\"Partager\";var hupso_background_t=\"#EAF4FF\";var hupso_border_t=\"#66CCFF\";var hupso_toolbar_size_t=\"small\";var hupso_image_folder_url = \"\";var hupso_url_t=\"\";var hupso_title_t=\"Partager\";<\/script><script type=\"text\/javascript\" src=\"https:\/\/static.hupso.com\/share\/js\/share_toolbar.js\"><\/script><!-- Hupso Share Buttons --><\/div>","protected":false},"excerpt":{"rendered":"<p>Kanomp breizh La f\u00e9d\u00e9ration des chorales bretonnes\u00a0qui se donne pour but\u00a0de promouvoir le chant choral de langue bretonne, traditionnel et contemporain. \u00a0ACB 44 Agence culturelle bretonne, coordination et communication des activit\u00e9s culturelles bretonnes \u00a0Groupe vocal Mosa\u00efque Une chorale amie sur&hellip; <\/p>\n<div style=\"padding-bottom:20px; padding-top:10px;\" class=\"hupso-share-buttons\"><!-- Hupso Share Buttons - https:\/\/www.hupso.com\/share\/ --><a class=\"hupso_toolbar\" href=\"https:\/\/www.hupso.com\/share\/\"><img src=\"https:\/\/static.hupso.com\/share\/buttons\/lang\/fr\/share-small.png\" style=\"border:0px; padding-top: 5px; float:left;\" alt=\"Share Button\"\/><\/a><script type=\"text\/javascript\">var hupso_services_t=new Array(\"Twitter\",\"Facebook\",\"Google Plus\");var hupso_title_t=\"Partager\";var hupso_background_t=\"#EAF4FF\";var hupso_border_t=\"#66CCFF\";var hupso_toolbar_size_t=\"small\";var hupso_image_folder_url = \"\";var hupso_url_t=\"\";var hupso_title_t=\"Partager\";<\/script><script type=\"text\/javascript\" src=\"https:\/\/static.hupso.com\/share\/js\/share_toolbar.js\"><\/script><!-- Hupso Share Buttons --><\/div>","protected":false},"author":1,"featured_media":0,"parent":0,"menu_order":0,"comment_status":"closed","ping_status":"closed","template":"","meta":{"footnotes":""},"class_list":["post-141","page","type-page","status-publish","hentry"],"publishpress_future_action":{"enabled":false,"date":"2026-05-09 11:12:47","action":"change-status","newStatus":"draft","terms":[],"taxonomy":""},"publishpress_future_workflow_manual_trigger":{"enabledWorkflows":[]},"_links":{"self":[{"href":"https:\/\/choralineskorholen.org\/index.php\/wp-json\/wp\/v2\/pages\/141","targetHints":{"allow":["GET"]}}],"collection":[{"href":"https:\/\/choralineskorholen.org\/index.php\/wp-json\/wp\/v2\/pages"}],"about":[{"href":"https:\/\/choralineskorholen.org\/index.php\/wp-json\/wp\/v2\/types\/page"}],"author":[{"embeddable":true,"href":"https:\/\/choralineskorholen.org\/index.php\/wp-json\/wp\/v2\/users\/1"}],"replies":[{"embeddable":true,"href":"https:\/\/choralineskorholen.org\/index.php\/wp-json\/wp\/v2\/comments?post=141"}],"version-history":[{"count":0,"href":"https:\/\/choralineskorholen.org\/index.php\/wp-json\/wp\/v2\/pages\/141\/revisions"}],"wp:attachment":[{"href":"https:\/\/choralineskorholen.org\/index.php\/wp-json\/wp\/v2\/media?parent=141"}],"curies":[{"name":"wp","href":"https:\/\/api.w.org\/{rel}","templated":true}]}}

<p><img loading="lazy" decoding="async" class="alignright size-full wp-image-289" src="http://choralineskorholen.org/wp-content/uploads/2016/11/logo.gif" alt="logo" width="208" height="150" /></p>
<table border="0" width="100%" rules="none">
<tbody>
<tr>
<td align="left"><strong><a href="http://www.kanompbreizh.org/" target="_blank" rel="noopener">Kanomp breizh</a></strong></td>
<td align="left">La fédération des chorales bretonnes qui se donne pour but de promouvoir le chant choral de langue bretonne, traditionnel et contemporain.</td>
</tr>
<tr>
<td> <strong><a href="https://www.acb44.com/" target="_blank" rel="noopener">ACB 44</a></strong></td>
<td>Agence culturelle bretonne, coordination et communication des activités culturelles bretonnes</td>
</tr>
<tr>
<td> <strong><a href="http://groupevocalmosaique.fr/" target="_blank" rel="noopener">Groupe vocal Mosaïque</a></strong></td>
<td>Une chorale amie sur la Presqu&rsquo;île Guérandaise</td>
</tr>
<tr>
<td>Les offices de tourisme (ou les mairies)</td>
<td><a href="http://www.saintandredeseaux.com/" target="_blank" rel="noopener">Saint-André-des-Eaux</a>, <a href="http://www.labaule.fr/office-de-tourisme" target="_blank" rel="noopener">La Baule-Escoublac</a>, <a href="http://www.ot-batzsurmer.fr/" target="_blank" rel="noopener">Batz-sur-Mer</a>, <a href="http://www.tourisme-lecroisic.fr/fr/" target="_blank" rel="noopener">Le Croisic</a>, <a href="http://www.ot-guerande.fr/" target="_blank" rel="noopener">Guérande</a>, <a href="http://www.tourisme-laturballe.fr/" target="_blank" rel="noopener">La Turballe</a>, <a href="http://www.piriac.net/" target="_blank" rel="noopener">Piriac-sur-Mer</a>, <a href="http://www.mesquerquimiac.com/office-de-tourisme/" target="_blank" rel="noopener">Mesquer</a>, <a href="http://saint-molf.fr/" target="_blank" rel="noopener">Saint-Molf</a></td>
</tr>
<tr>
<td>Les paroisses</td>
<td><a href="http://www.sainteanne-notredame-nantes.cef.fr/" target="_blank" rel="noopener">Le Pays blanc</a>, <a href="http://www.saint-yves-de-la-cote-nantes.cef.fr/" target="_blank" rel="noopener">La côte sauvage</a>, <a href="http://paroisses-cotedamour-nantes.cef.fr/" target="_blank" rel="noopener">La côte d&rsquo;Amour</a>, <a href="http://saint-nazaire-briere.catholique.fr/" target="_blank" rel="noopener">Côté Brière</a></td>
</tr>
</tbody>
</table>
<div style="padding-bottom:20px; padding-top:10px;" class="hupso-share-buttons"><!-- Hupso Share Buttons - https://www.hupso.com/share/ --><a class="hupso_toolbar" href="https://www.hupso.com/share/"><img decoding="async" src="https://static.hupso.com/share/buttons/lang/fr/share-small.png" style="border:0px; padding-top: 5px; float:left;" alt="Share Button"/></a><script type="text/javascript">var hupso_services_t=new Array("Twitter","Facebook","Google Plus");var hupso_title_t="Partager";var hupso_background_t="#EAF4FF";var hupso_border_t="#66CCFF";var hupso_toolbar_size_t="small";var hupso_image_folder_url = "";var hupso_url_t="";var hupso_title_t="Partager";</script><script type="text/javascript" src="https://static.hupso.com/share/js/share_toolbar.js"></script><!-- Hupso Share Buttons --></div>

<p>Kanomp breizh La fédération des chorales bretonnes qui se donne pour but de promouvoir le chant choral de langue bretonne, traditionnel et contemporain.  ACB 44 Agence culturelle bretonne, coordination et communication des activités culturelles bretonnes  Groupe vocal Mosaïque Une chorale amie sur&hellip; </p>
<div style="padding-bottom:20px; padding-top:10px;" class="hupso-share-buttons"><!-- Hupso Share Buttons - https://www.hupso.com/share/ --><a class="hupso_toolbar" href="https://www.hupso.com/share/"><img src="https://static.hupso.com/share/buttons/lang/fr/share-small.png" style="border:0px; padding-top: 5px; float:left;" alt="Share Button"/></a><script type="text/javascript">var hupso_services_t=new Array("Twitter","Facebook","Google Plus");var hupso_title_t="Partager";var hupso_background_t="#EAF4FF";var hupso_border_t="#66CCFF";var hupso_toolbar_size_t="small";var hupso_image_folder_url = "";var hupso_url_t="";var hupso_title_t="Partager";</script><script type="text/javascript" src="https://static.hupso.com/share/js/share_toolbar.js"></script><!-- Hupso Share Buttons --></div>
