{"id":1651,"date":"2022-12-12T16:14:23","date_gmt":"2022-12-12T15:14:23","guid":{"rendered":"http:\/\/choralineskorholen.org\/?page_id=1651"},"modified":"2022-12-22T10:16:24","modified_gmt":"2022-12-22T09:16:24","slug":"adeste-fideles","status":"publish","type":"page","link":"https:\/\/choralineskorholen.org\/index.php\/photos-et-videos\/adeste-fideles\/","title":{"rendered":"Concert de No\u00ebl \u00e0 Piriac (2022)"},"content":{"rendered":"<h3 style=\"text-align: right;\"><a href=\"http:\/\/choralineskorholen.org\/index.php\/photos-et-videos\/\">Retour<\/a><\/h3>\n<h3><span style=\"color: #ff6600;\">Adeste fideles<\/span><\/h3>\n<div style=\"width: 700px;\" class=\"wp-video\"><!--[if lt IE 9]><script>document.createElement('video');<\/script><![endif]-->\n<video class=\"wp-video-shortcode\" id=\"video-1651-1\" width=\"700\" height=\"394\" preload=\"metadata\" controls=\"controls\"><source type=\"video\/mp4\" src=\"http:\/\/choralineskorholen.org\/wp-content\/uploads\/2022\/12\/2212_Piriac_adeste_fideles.mp4?_=1\" \/><a href=\"http:\/\/choralineskorholen.org\/wp-content\/uploads\/2022\/12\/2212_Piriac_adeste_fideles.mp4\">http:\/\/choralineskorholen.org\/wp-content\/uploads\/2022\/12\/2212_Piriac_adeste_fideles.mp4<\/a><\/video><\/div>\n<h3><span style=\"color: #ff6600;\">Adoram oll<\/span><\/h3>\n<div style=\"width: 700px;\" class=\"wp-video\"><video class=\"wp-video-shortcode\" id=\"video-1651-2\" width=\"700\" height=\"394\" preload=\"metadata\" controls=\"controls\"><source type=\"video\/mp4\" src=\"http:\/\/choralineskorholen.org\/wp-content\/uploads\/2022\/12\/2212_Piriac_adoram.mp4?_=2\" \/><a href=\"http:\/\/choralineskorholen.org\/wp-content\/uploads\/2022\/12\/2212_Piriac_adoram.mp4\">http:\/\/choralineskorholen.org\/wp-content\/uploads\/2022\/12\/2212_Piriac_adoram.mp4<\/a><\/video><\/div>\n<h3><span style=\"color: #ff6600;\">No\u00ebl \u00e0 J\u00e9rusalem<\/span><\/h3>\n<div style=\"width: 700px;\" class=\"wp-video\"><video class=\"wp-video-shortcode\" id=\"video-1651-3\" width=\"700\" height=\"394\" preload=\"metadata\" controls=\"controls\"><source type=\"video\/mp4\" src=\"http:\/\/choralineskorholen.org\/wp-content\/uploads\/2022\/12\/2212_Piriac_jerusalem.mp4?_=3\" \/><a href=\"http:\/\/choralineskorholen.org\/wp-content\/uploads\/2022\/12\/2212_Piriac_jerusalem.mp4\">http:\/\/choralineskorholen.org\/wp-content\/uploads\/2022\/12\/2212_Piriac_jerusalem.mp4<\/a><\/video><\/div>\n<h3><span style=\"color: #ff6600;\">Jingle bell<\/span><\/h3>\n<div style=\"width: 700px;\" class=\"wp-video\"><video class=\"wp-video-shortcode\" id=\"video-1651-4\" width=\"700\" height=\"394\" preload=\"metadata\" controls=\"controls\"><source type=\"video\/mp4\" src=\"http:\/\/choralineskorholen.org\/wp-content\/uploads\/2022\/12\/2212_Piriac_jingle.mp4?_=4\" \/><a href=\"http:\/\/choralineskorholen.org\/wp-content\/uploads\/2022\/12\/2212_Piriac_jingle.mp4\">http:\/\/choralineskorholen.org\/wp-content\/uploads\/2022\/12\/2212_Piriac_jingle.mp4<\/a><\/video><\/div>\n<h3><span style=\"color: #ff6600;\">Kanom nouel<\/span><\/h3>\n<div style=\"width: 700px;\" class=\"wp-video\"><video class=\"wp-video-shortcode\" id=\"video-1651-5\" width=\"700\" height=\"394\" preload=\"metadata\" controls=\"controls\"><source type=\"video\/mp4\" src=\"http:\/\/choralineskorholen.org\/wp-content\/uploads\/2022\/12\/2212_Piriac_kanom.mp4?_=5\" \/><a href=\"http:\/\/choralineskorholen.org\/wp-content\/uploads\/2022\/12\/2212_Piriac_kanom.mp4\">http:\/\/choralineskorholen.org\/wp-content\/uploads\/2022\/12\/2212_Piriac_kanom.mp4<\/a><\/video><\/div>\n<h3><span style=\"color: #ff6600;\">Kousk<\/span><\/h3>\n<div style=\"width: 700px;\" class=\"wp-video\"><video class=\"wp-video-shortcode\" id=\"video-1651-6\" width=\"700\" height=\"394\" preload=\"metadata\" controls=\"controls\"><source type=\"video\/mp4\" src=\"http:\/\/choralineskorholen.org\/wp-content\/uploads\/2022\/12\/2212_Piriac_kousk.mp4?_=6\" \/><a href=\"http:\/\/choralineskorholen.org\/wp-content\/uploads\/2022\/12\/2212_Piriac_kousk.mp4\">http:\/\/choralineskorholen.org\/wp-content\/uploads\/2022\/12\/2212_Piriac_kousk.mp4<\/a><\/video><\/div>\n<h3><span style=\"color: #ff6600;\">Stabat mater<\/span><\/h3>\n<div style=\"width: 700px;\" class=\"wp-video\"><video class=\"wp-video-shortcode\" id=\"video-1651-7\" width=\"700\" height=\"394\" preload=\"metadata\" controls=\"controls\"><source type=\"video\/mp4\" src=\"http:\/\/choralineskorholen.org\/wp-content\/uploads\/2022\/12\/2212_Piriac_stabat.mp4?_=7\" \/><a href=\"http:\/\/choralineskorholen.org\/wp-content\/uploads\/2022\/12\/2212_Piriac_stabat.mp4\">http:\/\/choralineskorholen.org\/wp-content\/uploads\/2022\/12\/2212_Piriac_stabat.mp4<\/a><\/video><\/div>\n<h3 style=\"text-align: right;\"><a href=\"http:\/\/choralineskorholen.org\/index.php\/photos-et-videos\/\">Retour<\/a><\/h3>\n<div style=\"padding-bottom:20px; padding-top:10px;\" class=\"hupso-share-buttons\"><!-- Hupso Share Buttons - https:\/\/www.hupso.com\/share\/ --><a class=\"hupso_toolbar\" href=\"https:\/\/www.hupso.com\/share\/\"><img decoding=\"async\" src=\"https:\/\/static.hupso.com\/share\/buttons\/lang\/fr\/share-small.png\" style=\"border:0px; padding-top: 5px; float:left;\" alt=\"Share Button\"\/><\/a><script type=\"text\/javascript\">var hupso_services_t=new Array(\"Twitter\",\"Facebook\",\"Google Plus\");var hupso_title_t=\"Partager\";var hupso_background_t=\"#EAF4FF\";var hupso_border_t=\"#66CCFF\";var hupso_toolbar_size_t=\"small\";var hupso_image_folder_url = \"\";var hupso_url_t=\"\";var hupso_title_t=\"Partager\";<\/script><script type=\"text\/javascript\" src=\"https:\/\/static.hupso.com\/share\/js\/share_toolbar.js\"><\/script><!-- Hupso Share Buttons --><\/div>","protected":false},"excerpt":{"rendered":"<p>Retour Adeste fideles Adoram oll No\u00ebl \u00e0 J\u00e9rusalem Jingle bell Kanom nouel Kousk Stabat mater Retour<\/p>\n<div style=\"padding-bottom:20px; padding-top:10px;\" class=\"hupso-share-buttons\"><!-- Hupso Share Buttons - https:\/\/www.hupso.com\/share\/ --><a class=\"hupso_toolbar\" href=\"https:\/\/www.hupso.com\/share\/\"><img src=\"https:\/\/static.hupso.com\/share\/buttons\/lang\/fr\/share-small.png\" style=\"border:0px; padding-top: 5px; float:left;\" alt=\"Share Button\"\/><\/a><script type=\"text\/javascript\">var hupso_services_t=new Array(\"Twitter\",\"Facebook\",\"Google Plus\");var hupso_title_t=\"Partager\";var hupso_background_t=\"#EAF4FF\";var hupso_border_t=\"#66CCFF\";var hupso_toolbar_size_t=\"small\";var hupso_image_folder_url = \"\";var hupso_url_t=\"\";var hupso_title_t=\"Partager\";<\/script><script type=\"text\/javascript\" src=\"https:\/\/static.hupso.com\/share\/js\/share_toolbar.js\"><\/script><!-- Hupso Share Buttons --><\/div>","protected":false},"author":1,"featured_media":0,"parent":29,"menu_order":0,"comment_status":"closed","ping_status":"closed","template":"","meta":{"footnotes":""},"class_list":["post-1651","page","type-page","status-publish","hentry"],"publishpress_future_action":{"enabled":false,"date":"2026-05-01 17:02:57","action":"change-status","newStatus":"draft","terms":[],"taxonomy":""},"publishpress_future_workflow_manual_trigger":{"enabledWorkflows":[]},"_links":{"self":[{"href":"https:\/\/choralineskorholen.org\/index.php\/wp-json\/wp\/v2\/pages\/1651","targetHints":{"allow":["GET"]}}],"collection":[{"href":"https:\/\/choralineskorholen.org\/index.php\/wp-json\/wp\/v2\/pages"}],"about":[{"href":"https:\/\/choralineskorholen.org\/index.php\/wp-json\/wp\/v2\/types\/page"}],"author":[{"embeddable":true,"href":"https:\/\/choralineskorholen.org\/index.php\/wp-json\/wp\/v2\/users\/1"}],"replies":[{"embeddable":true,"href":"https:\/\/choralineskorholen.org\/index.php\/wp-json\/wp\/v2\/comments?post=1651"}],"version-history":[{"count":0,"href":"https:\/\/choralineskorholen.org\/index.php\/wp-json\/wp\/v2\/pages\/1651\/revisions"}],"up":[{"embeddable":true,"href":"https:\/\/choralineskorholen.org\/index.php\/wp-json\/wp\/v2\/pages\/29"}],"wp:attachment":[{"href":"https:\/\/choralineskorholen.org\/index.php\/wp-json\/wp\/v2\/media?parent=1651"}],"curies":[{"name":"wp","href":"https:\/\/api.w.org\/{rel}","templated":true}]}}