{"id":2,"date":"2016-10-18T18:51:56","date_gmt":"2016-10-18T16:51:56","guid":{"rendered":"http:\/\/choralineskorholen.org\/?page_id=2"},"modified":"2025-10-21T16:56:31","modified_gmt":"2025-10-21T14:56:31","slug":"page-d-exemple","status":"publish","type":"page","link":"https:\/\/choralineskorholen.org\/","title":{"rendered":"Retrouvez-nous&#8230; sur notre page Facebook"},"content":{"rendered":"\n<div class=\"wp-block-columns is-layout-flex wp-container-core-columns-is-layout-1 wp-block-columns-is-layout-flex\">\n<div class=\"wp-block-column is-layout-flow wp-block-column-is-layout-flow\">\n<p><strong><mark style=\"background-color:rgba(0, 0, 0, 0)\" class=\"has-inline-color has-vivid-cyan-blue-color\">Ce site Internet de la chorale \u00ab\u00a0Les Choralines Korholen\u00a0\u00bb n&rsquo;est plus mis \u00e0 jour r\u00e9guli\u00e8rement&#8230;<\/mark><\/strong><\/p>\n\n\n\n<p><mark style=\"background-color:rgba(0, 0, 0, 0)\" class=\"has-inline-color has-vivid-cyan-blue-color\">Pour nous retrouver avec des informations \u00e0 jour, consultez maintenant notre<strong> <a href=\"https:\/\/www.facebook.com\/profile.php?id=61575100067251\">page Facebook<\/a><\/strong>.<\/mark><\/p>\n\n\n\n<p><a href=\"https:\/\/www.facebook.com\/profile.php?id=61575100067251\"><strong>Cliquez ici !<\/strong><\/a><\/p>\n\n\n\n<p>\u00e0 tr\u00e8s bient\u00f4t !<\/p>\n<\/div>\n<\/div>\n\n\n\n<p><\/p>\n\n\n\n<p><em>(ce site sera d\u00e9finitivement ferm\u00e9 d\u00e9but octobre 2026)<\/em><\/p>\n\n\n\n<p><\/p>\n\n\n\n<p><\/p>\n\n\n\n<p><mark style=\"background-color:rgba(0, 0, 0, 0)\" class=\"has-inline-color has-white-color\">.<\/mark><\/p>\n\n\n\n<p><mark style=\"background-color:rgba(0, 0, 0, 0)\" class=\"has-inline-color has-white-color\">.<\/mark><\/p>\n\n\n\n<p><mark style=\"background-color:rgba(0, 0, 0, 0)\" class=\"has-inline-color has-white-color\">.<\/mark><\/p>\n\n\n\n<p><mark style=\"background-color:rgba(0, 0, 0, 0)\" class=\"has-inline-color has-white-color\">.<\/mark><\/p>\n\n\n\n<p><mark style=\"background-color:rgba(0, 0, 0, 0)\" class=\"has-inline-color has-white-color\">.<\/mark><\/p>\n\n\n\n<p><\/p>\n\n\n\n<p><\/p>\n\n\n\n<p><\/p>\n\n\n\n<p><\/p>\n\n\n\n<p><\/p>\n\n\n\n<p><\/p>\n\n\n\n<div class=\"wp-block-columns is-layout-flex wp-container-core-columns-is-layout-2 wp-block-columns-is-layout-flex\">\n<div class=\"wp-block-column is-layout-flow wp-block-column-is-layout-flow\" style=\"flex-basis:100%\"><\/div>\n<\/div>\n\n\n\n<h2 class=\"wp-block-heading\"><strong>Inoubliables moments avec Coro Nigritella !<\/strong><\/h2>\n\n\n\n<p><strong>Du 12 au 16 juin 2024, nous avons accueilli Coro Nigritella pour <a href=\"https:\/\/choralineskorholen.org\/index.php\/2024\/06\/27\/une-semaine-inoubliable-avec-coro-nigritella\/\" data-type=\"link\" data-id=\"https:\/\/choralineskorholen.org\/index.php\/2024\/06\/27\/une-semaine-inoubliable-avec-coro-nigritella\/\">une semaine musicale et amicale inoubliable&#8230; la vid\u00e9o !<\/a><\/strong><\/p>\n\n\n\n<figure class=\"wp-block-image size-full\"><img loading=\"lazy\" decoding=\"async\" width=\"848\" height=\"480\" src=\"https:\/\/choralineskorholen.org\/wp-content\/uploads\/2024\/06\/vlcsnap-2024-06-27-12h08m57s396.jpg\" alt=\"\" class=\"wp-image-1864\" srcset=\"https:\/\/choralineskorholen.org\/wp-content\/uploads\/2024\/06\/vlcsnap-2024-06-27-12h08m57s396.jpg 848w, https:\/\/choralineskorholen.org\/wp-content\/uploads\/2024\/06\/vlcsnap-2024-06-27-12h08m57s396-768x435.jpg 768w\" sizes=\"auto, (max-width: 848px) 100vw, 848px\" \/><\/figure>\n\n\n<h2><strong>Bienvenue \u00e0 la Chorale Les Choralines Korholen<\/strong><\/h2>\n<p style=\"padding-left: 40px;\"><strong>V<\/strong>ous adorez chanter et vous aimeriez partager ce plaisir au sein d&rsquo;un groupe convivial ?<br \/>Vous appr\u00e9ciez la culture bretonne ou vous \u00eates curieux \u00a0de l&rsquo;aborder par l&rsquo;interm\u00e9diaire du chant choral ?<\/p>\n<p style=\"padding-left: 40px;\"><strong>P<\/strong>oint n&rsquo;est besoin de conna\u00eetre le solf\u00e8ge, votre motivation, votre assiduit\u00e9 et votre enthousiasme seront vos atouts.<br \/>Point\u00a0besoin non plus d&rsquo;\u00eatre bretonnant, vous verrez que le breton est facile, gr\u00e2ce \u00e0 notre phon\u00e9tique.<\/p>\n<p style=\"padding-left: 40px;\"><strong>L<\/strong>a particularit\u00e9 de notre r\u00e9pertoire est qu\u2019il est \u00e9quilibr\u00e9 et <strong>vari\u00e9,\u00a0<\/strong>entre chants bretons, fran\u00e7ais et \u00e9trangers.\u00a0 Il se singularise par la d\u00e9couverte et la promotion de chants traditionnels et contemporains\u00a0 de la Bretagne, de la mer, mais \u00e9galement du patrimoine profane et religieux.<\/p>\n<p style=\"padding-left: 40px;\"><strong>A<\/strong>pprendre en chantant, chanter en groupe\u00a0: la formule id\u00e9ale pour se faire des amis.<\/p>\n<p style=\"padding-left: 40px;\"><strong>C<\/strong>\u2019est possible avec les Choralines-Korholen lors des <strong>r\u00e9p\u00e9titions tous les lundis soirs, de 18h \u00e0 20h<\/strong>\u00a0(la cotisation annuelle s\u2019\u00e9l\u00e8ve \u00e0 80 \u20ac).<\/p>\n<p style=\"padding-left: 40px;\"><strong>A<\/strong>lors, venez nous rejoindre !<\/p>\n<p><img loading=\"lazy\" decoding=\"async\" class=\"size-full wp-image-1731 aligncenter\" src=\"http:\/\/choralineskorholen.org\/wp-content\/uploads\/2023\/07\/230701_chorale.jpg\" alt=\"\" width=\"660\" height=\"627\" \/><\/p><div style=\"padding-bottom:20px; padding-top:10px;\" class=\"hupso-share-buttons\"><!-- Hupso Share Buttons - https:\/\/www.hupso.com\/share\/ --><a class=\"hupso_toolbar\" href=\"https:\/\/www.hupso.com\/share\/\"><img decoding=\"async\" src=\"https:\/\/static.hupso.com\/share\/buttons\/lang\/fr\/share-small.png\" style=\"border:0px; padding-top: 5px; float:left;\" alt=\"Share Button\"\/><\/a><script type=\"text\/javascript\">var hupso_services_t=new Array(\"Twitter\",\"Facebook\",\"Google Plus\");var hupso_title_t=\"Partager\";var hupso_background_t=\"#EAF4FF\";var hupso_border_t=\"#66CCFF\";var hupso_toolbar_size_t=\"small\";var hupso_image_folder_url = \"\";var hupso_url_t=\"\";var hupso_title_t=\"Partager\";<\/script><script type=\"text\/javascript\" src=\"https:\/\/static.hupso.com\/share\/js\/share_toolbar.js\"><\/script><!-- Hupso Share Buttons --><\/div>","protected":false},"excerpt":{"rendered":"<p>Ce site Internet de la chorale \u00ab\u00a0Les Choralines Korholen\u00a0\u00bb n&rsquo;est plus mis \u00e0 jour r\u00e9guli\u00e8rement&#8230; Pour nous retrouver avec des informations \u00e0 jour, consultez maintenant notre page Facebook. Cliquez ici ! \u00e0 tr\u00e8s bient\u00f4t ! (ce site sera d\u00e9finitivement ferm\u00e9&hellip; <\/p>\n<div style=\"padding-bottom:20px; padding-top:10px;\" class=\"hupso-share-buttons\"><!-- Hupso Share Buttons - https:\/\/www.hupso.com\/share\/ --><a class=\"hupso_toolbar\" href=\"https:\/\/www.hupso.com\/share\/\"><img src=\"https:\/\/static.hupso.com\/share\/buttons\/lang\/fr\/share-small.png\" style=\"border:0px; padding-top: 5px; float:left;\" alt=\"Share Button\"\/><\/a><script type=\"text\/javascript\">var hupso_services_t=new Array(\"Twitter\",\"Facebook\",\"Google Plus\");var hupso_title_t=\"Partager\";var hupso_background_t=\"#EAF4FF\";var hupso_border_t=\"#66CCFF\";var hupso_toolbar_size_t=\"small\";var hupso_image_folder_url = \"\";var hupso_url_t=\"\";var hupso_title_t=\"Partager\";<\/script><script type=\"text\/javascript\" src=\"https:\/\/static.hupso.com\/share\/js\/share_toolbar.js\"><\/script><!-- Hupso Share Buttons --><\/div>","protected":false},"author":1,"featured_media":0,"parent":0,"menu_order":0,"comment_status":"closed","ping_status":"open","template":"","meta":{"footnotes":""},"class_list":["post-2","page","type-page","status-publish","hentry"],"publishpress_future_action":{"enabled":false,"date":"2026-05-13 13:28:06","action":"change-status","newStatus":"draft","terms":[],"taxonomy":""},"publishpress_future_workflow_manual_trigger":{"enabledWorkflows":[]},"_links":{"self":[{"href":"https:\/\/choralineskorholen.org\/index.php\/wp-json\/wp\/v2\/pages\/2","targetHints":{"allow":["GET"]}}],"collection":[{"href":"https:\/\/choralineskorholen.org\/index.php\/wp-json\/wp\/v2\/pages"}],"about":[{"href":"https:\/\/choralineskorholen.org\/index.php\/wp-json\/wp\/v2\/types\/page"}],"author":[{"embeddable":true,"href":"https:\/\/choralineskorholen.org\/index.php\/wp-json\/wp\/v2\/users\/1"}],"replies":[{"embeddable":true,"href":"https:\/\/choralineskorholen.org\/index.php\/wp-json\/wp\/v2\/comments?post=2"}],"version-history":[{"count":0,"href":"https:\/\/choralineskorholen.org\/index.php\/wp-json\/wp\/v2\/pages\/2\/revisions"}],"wp:attachment":[{"href":"https:\/\/choralineskorholen.org\/index.php\/wp-json\/wp\/v2\/media?parent=2"}],"curies":[{"name":"wp","href":"https:\/\/api.w.org\/{rel}","templated":true}]}}